ue
Is 252 a factor of 467208?
True
Is 25 a factor of 1049850?
True
Does 12 divide 180554?
False
Does 117 divide 2925?
True
Is 56341 a multiple of 103?
True
Does 734 divide 7995462?
True
Is 473370 a multiple of 5?
True
Is 14 a factor of 2780589?
False
Is 67 a factor of 214266?
True
Is 24509912 a multiple of 56?
True
Does 5 divide 25840?
True
Is 15554 a multiple of 77?
True
Does 56 divide 86240?
True
Is 61 a factor of 371778?
False
Is 9 a factor of 278?
False
Is 89310 a multiple of 1145?
True
Is 407 a factor of 621489?
True
Is 381782 a multiple of 579?
False
Does 952 divide 837121?
False
Is 185513 a multiple of 399?
False
Is 150 a factor of 125289?
False
Is 5 a factor of 3065?
True
Is 73389 a multiple of 3?
True
Is 200178 a multiple of 280?
False
Does 773 divide 7088754?
False
Is 27 a factor of 46764?
True
Is 4100030 a multiple of 62?
False
Is 603 a factor of 378609?
False
Does 205 divide 249865?
False
Does 32 divide 3139776?
True
Is 2851832 a multiple of 346?
False
Is 10843776 a multiple of 12?
True
Does 20 divide 188240?
True
Does 160 divide 942060?
False
Is 17 a factor of 1189809?
False
Is 9 a factor of 221527?
False
Does 51 divide 9680681?
False
Does 14 divide 1222734?
False
Is 3148145 a multiple of 1001?
True
Is 300 a factor of 1867200?
True
Is 12891 a multiple of 2?
False
Does 177 divide 100359?
True
Does 389 divide 12140516?
False
Is 629384 a multiple of 460?
False
Is 38838 a multiple of 288?
False
Is 39 a factor of 3422913?
True
Is 185 a factor of 1782509?
False
Is 96 a factor of 3821664?
True
Is 21 a factor of 95440?
False
Is 102481 a multiple of 27?
False
Is 29254 even?
True
Does 26 divide 1108033?
False
Is 250155 a multiple of 109?
True
Is 1630018 a multiple of 8?
False
Does 356 divide 2307236?
True
Is 117 a factor of 245115?
True
Does 33 divide 1460994?
False
Is 76190 a multiple of 8?
False
Is 102 a factor of 5968938?
True
Is 848 a factor of 1530411?
False
Does 2 divide 8079?
False
Is 17 a factor of 8875364?
False
Is 8 a factor of 81409?
False
Does 5 divide 444411?
False
Is 33 a factor of 1751694?
False
Does 17 divide 7700289?
False
Is 11 a factor of 706607?
True
Is 1267146 a multiple of 246?
True
Does 23 divide 1022090?
False
Does 203 divide 10818677?
False
Is 553085 a multiple of 7?
False
Is 122 a factor of 107382?
False
Does 244 divide 634156?
True
Does 266 divide 324786?
True
Does 52 divide 2060112?
False
Does 20 divide 13009423?
False
Does 25 divide 572419?
False
Does 329 divide 213850?
True
Is 35 a factor of 584570?
True
Is 646570 a multiple of 21?
False
Does 36 divide 1292171?
False
Does 576 divide 7204608?
True
Is 382 a factor of 358698?
True
Is 12 a factor of 77104?
False
Is 10 a factor of 1018769?
False
Is 24 a factor of 297667?
False
Is 89 a factor of 10829876?
True
Does 95 divide 667290?
False
Is 11 a factor of 956596?
False
Is 9 a factor of 11376?
True
Is 249744 a multiple of 12?
True
Is 66 a factor of 3497208?
True
Is 4192217 a multiple of 31?
False
Does 19 divide 183749?
True
Is 821588 a multiple of 3?
False
Is 144 a factor of 6406250?
False
Does 15 divide 6630032?
False
Is 1279593 a multiple of 133?
True
Does 321 divide 13352958?
True
Is 722434 a multiple of 12?
False
Is 8157573 a multiple of 129?
True
Is 122 a factor of 327082?
True
Does 115 divide 356730?
True
Is 59 a factor of 19175?
True
Does 41 divide 47970?
True
Does 575 divide 288075?
True
Is 206937 a multiple of 24?
False
Is 43 a factor of 3971738?
True
Is 103 a factor of 1816088?
False
Is 115964 even?
True
Does 13 divide 672971?
True
Is 385453 even?
False
Is 97125 a multiple of 35?
True
Is 7 a factor of 152513?
False
Is 33441 a multiple of 157?
True
Is 122776 a multiple of 8?
True
Is 101 a factor of 1622408?
False
Does 1570 divide 6594000?
True
Is 265096 a multiple of 52?
True
Is 81330 a multiple of 6?
True
Is 27 a factor of 1033344?
True
Is 2984026 a multiple of 20?
False
Is 350790 a multiple of 110?
True
Does 249 divide 24651?
True
Is 15303580 a multiple of 20?
True
Is 839 a factor of 18132789?
False
Is 175 a factor of 2027377?
False
Is 180100 a multiple of 319?
False
Is 20680 a multiple of 110?
True
Is 38 a factor of 1396867?
False
Is 49 a factor of 79475?
False
Is 35014 a multiple of 287?
True
Does 25 divide 518750?
True
Is 5 a factor of 228733?
False
Is 441822 a multiple of 41?
False
Is 53 a factor of 229278?
True
Is 924612 a multiple of 13?
True
Is 177941 a multiple of 13?
False
Does 8 divide 1045280?
True
Does 79 divide 12166?
True
Does 65 divide 856830?
True
Is 10 a factor of 294170?
True
Is 28 a factor of 4702264?
True
Is 8 a factor of 26712?
True
Is 147447 a multiple of 114?
False
Does 45 divide 2235465?
True
Is 3079365 a multiple of 87?
True
Does 164 divide 94136?
True
Does 54 divide 22121?
False
Does 22 divide 210546?
False
Does 245 divide 30135?
True
Does 34 divide 549780?
True
Is 534 a factor of 682628?
False
Is 73036 a multiple of 4?
True
Is 58 a factor of 23233?
False
Does 12 divide 5906599?
False
Is 19 a factor of 4098338?
True
Is 5 a factor of 60250?
True
Is 151461 a multiple of 25?
False
Does 51 divide 1679328?
True
Does 6 divide 574043?
False
Is 9 a factor of 1098?
True
Is 5 a factor of 576145?
True
Does 3 divide 45841?
False
Does 12 divide 7608?
True
Is 5358540 a multiple of 806?
False
Is 27520 a multiple of 4?
True
Is 221189 even?
False
Is 1504779 a multiple of 48?
False
Is 3 a factor of 15005?
False
Does 18 divide 249264?
True
Is 55 a factor of 723132?
False
Does 9 divide 307043?
False
Does 31 divide 380528?
False
Is 2757430 a multiple of 130?
True
Is 748429 a multiple of 723?
False
Is 120480 a multiple of 20?
True
Is 2457 a multiple of 9?
True
Does 37 divide 114811?
True
Does 3 divide 912300?
True
Does 28 divide 90989?
False
Does 20 divide 1027707?
False
Does 703 divide 463818?
False
Does 12 divide 2107632?
True
Is 7 a factor of 8956507?
True
Does 520 divide 54080?
True
Is 1222748 a multiple of 86?
True
Is 2230228 a multiple of 154?
True
Is 24 a factor of 61638?
False
Does 17 divide 114750?
True
Is 9 a factor of 1774647?
True
Does 990 divide 5385600?
True
Is 42 a factor of 108503?
False
Is 277 a factor of 8910536?
True
Does 48 divide 851136?
True
Is 20440674 a multiple of 411?
True
Does 8 divide 3331216?
True
Is 192 a factor of 265547?
False
Does 405 divide 11820620?
False
Is 570463 a multiple of 20?
False
Is 836 a factor of 2982848?
True
Is 251127 a multiple of 639?
True
Is 1745697 a multiple of 455?
False
Is 2 a factor of 66567?
False
Does 91 divide 1355652?
False
Does 46 divide 220938?
True
Is 318956 a multiple of 17?
False
Is 166980 a multiple of 30?
True
Is 105780 a multiple of 205?
True
Is 27 a factor of 175998?
False
Is 2360520 a multiple of 664?
True
Is 47642 a multiple of 8?
False
Is 929 a factor of 122782?
False
Is 3250705 a multiple of 1229?
True
Is 6 a factor of 173974?
False
Is 423 a factor of 1016046?
True
Does 117 divide 292617?
True
Does 300 divide 506700?
True
Does 75 divide 3387900?
True
Does 65 divide 641095?
True
Does 39 divide 7083757?
False
Does 1179 divide 79448?
False
Is 106 a factor of 575050?
True
Does 107 divide 584006?
True
Does 228 divide 3677369?
False
Is 1897214 a multiple of 913?
True
Is 5134650 a multiple of 5?
True
Does 18 divide 37746?
True
Is 15 a factor of 848850?
True
Does 2 divide 975?
False
Does 269 divide 1872404?
False
Does 1393 divide 433494?
False
Is 11 a factor of 15085631?
True
Does 19 divide 844056?
True
Is 294 a factor of 3377729?
False
Does 186 divide 11635788?
True
Does 860 divide 391260?
False
Does 15 divide 10545?
True
Is 1349874 a multiple of 57?
True
Is 533860 a multiple of 29?
False
Is 2362073 a multiple of 889?
True
Is 39 a factor of 7255690?
False
Is 188179 a multiple of 31?
False
Is 494 a factor of 284544?
True
Is 2248 a factor of 4109344?
True
Does 77 divide 89166?
True
Is 310014 a multiple of 18?
True
Is 1372108 a multiple of 146?
True
Does 9 divide 206595?
True
Is 475 a factor of 9013873?
False
Does 250 divide 140139?
False
Is 69 a factor of 4091128?
False
Does 89 divide 274565?
True
Is 48 a factor of 1469370?
False
Is 49 a factor of 5341?
True
Is 23 a factor of 1619089?
False
Is 1359675 a multiple of 40?
False
Is 222530 a multiple of 77?
True
Does 5 divide 89325?
True
Does 23 divide 4510507?
True
Is 1296286 a multiple of 82?
False
Does 12 divide 472267?
False
Does 245 d